{"id":11,"date":"2023-05-25T17:25:36","date_gmt":"2023-05-25T15:25:36","guid":{"rendered":"https:\/\/www.casetasmodulares.es\/blog\/?page_id=11"},"modified":"2025-06-27T18:35:47","modified_gmt":"2025-06-27T16:35:47","slug":"reembolso_devoluciones","status":"publish","type":"page","link":"https:\/\/www.casetasmodulares.es\/blog\/?page_id=11","title":{"rendered":"Pol\u00edtica de devoluciones y reembolsos"},"content":{"rendered":"\n<p><\/p>\n\n\n\n<p><strong>Satisfacci\u00f3n o devoluci\u00f3n<\/strong><\/p>\n\n\n\n<p>Si el cliente no quedara satisfecho con su producto, el plazo m\u00e1ximo para solicitar la devoluci\u00f3n se estipula en\u00a014 d\u00edas naturales desde la recepci\u00f3n del pedido. En este caso los gastos de env\u00edo y recogida correr\u00e1n por cuenta del cliente, tambien se aplicara una deduccion del 10 al 50% en caso del que el articulo este desprecintado.<\/p>\n\n\n\n<p>Antes de realizar dicha devoluci\u00f3n el cliente deber\u00e1 ponerse en contacto con nuestro departamento de ventas en el plazo indicado a trav\u00e9s de e-mail, \u00a0 ventas@grupobaimse.com donde le indicaremos c\u00f3mo proceder a la devoluci\u00f3n. No se realizar\u00e1 ninguna devoluci\u00f3n que no haya sido previamente comunicada.<\/p>\n\n\n\n<p>Para poder admitir la devoluci\u00f3n el producto y su embalaje deben encontrarse en perfectas condiciones, as\u00ed como conservar todos sus accesorios y documentaci\u00f3n de origen. El art\u00edculo a devolver deber\u00e1 estar correctamente embalado para su devoluci\u00f3n exactamente como se recibi\u00f3 en un origen, si no fuera asi tendra un demerito del 50% ya que imposibilita la venta a otro cliente en condiciones de nuevo.<\/p>\n\n\n\n<p><\/p>\n\n\n\n<p><strong>IMPORTANTE:<\/strong><\/p>\n\n\n\n<p><\/p>\n\n\n\n<p>La garantia solo es valida en Peninsula, Canarias y otras islas tendran que enviar el articulo a nuestro proveedor o a nuestras instalaciones para la gestion de la misma.<\/p>\n\n\n\n<p> No se devolver\u00e1 el importe o realizar\u00e1 ning\u00fan reenv\u00edo de mercanc\u00eda mientras no se haya verificado la recepci\u00f3n y estado del producto, embalaje y accesorios del art\u00edculo objeto de la devoluci\u00f3n o cambio.<\/p>\n\n\n\n<p>El precio a devolver es el que originalmente figuraba en el pedido, menos los gastos de envio generados y en su caso la deduccion del 10%. Se proceder\u00e1 al reintegro de su importe conforme a la modalidad de pago realizada por el cliente.<\/p>\n\n\n\n<p><strong>Producto defectuoso de origen:<\/strong><\/p>\n\n\n\n<p>Una vez que maquituls.es reciba el producto defectuoso le enviar\u00e1 otro. En este caso el cambio se efectuar\u00e1 siempre por el mismo art\u00edculo o referencia. Solamente le ser\u00e1 facturado el primer env\u00edo, haci\u00e9ndose cargo maquituls.es de los portes correspondientes a la devoluci\u00f3n y nuevo env\u00edo. Si deseara efectuar un cambio por otro art\u00edculo, los gastos de devoluci\u00f3n y nuevo env\u00edo no ser\u00e1n asumidos por maquituls.es.<\/p>\n\n\n\n<p>Producto que, por error, no responde al del pedido:<\/p>\n\n\n\n<p>maquituls.es correr\u00e1 con los gastos de recogida del producto equivocado y entrega del correspondiente al del pedido realizado.<\/p>\n","protected":false},"excerpt":{"rendered":"<p>Satisfacci\u00f3n o devoluci\u00f3n Si el cliente no quedara satisfecho con su producto, el plazo m\u00e1ximo para solicitar la devoluci\u00f3n se estipula en\u00a014 d\u00edas naturales desde la recepci\u00f3n del pedido. En este caso los gastos de env\u00edo y recogida correr\u00e1n por cuenta del cliente, tambien se aplicara una deduccion del 10 al 50% en caso del [&hellip;]<\/p>\n","protected":false},"author":1,"featured_media":0,"parent":0,"menu_order":0,"comment_status":"closed","ping_status":"closed","template":"","meta":{"ocean_post_layout":"","ocean_both_sidebars_style":"","ocean_both_sidebars_content_width":0,"ocean_both_sidebars_sidebars_width":0,"ocean_sidebar":"0","ocean_second_sidebar":"0","ocean_disable_margins":"enable","ocean_add_body_class":"","ocean_shortcode_before_top_bar":"","ocean_shortcode_after_top_bar":"","ocean_shortcode_before_header":"","ocean_shortcode_after_header":"","ocean_has_shortcode":"","ocean_shortcode_after_title":"","ocean_shortcode_before_footer_widgets":"","ocean_shortcode_after_footer_widgets":"","ocean_shortcode_before_footer_bottom":"","ocean_shortcode_after_footer_bottom":"","ocean_display_top_bar":"default","ocean_display_header":"default","ocean_header_style":"","ocean_center_header_left_menu":"0","ocean_custom_header_template":"0","ocean_custom_logo":0,"ocean_custom_retina_logo":0,"ocean_custom_logo_max_width":0,"ocean_custom_logo_tablet_max_width":0,"ocean_custom_logo_mobile_max_width":0,"ocean_custom_logo_max_height":0,"ocean_custom_logo_tablet_max_height":0,"ocean_custom_logo_mobile_max_height":0,"ocean_header_custom_menu":"0","ocean_menu_typo_font_family":"0","ocean_menu_typo_font_subset":"","ocean_menu_typo_font_size":0,"ocean_menu_typo_font_size_tablet":0,"ocean_menu_typo_font_size_mobile":0,"ocean_menu_typo_font_size_unit":"px","ocean_menu_typo_font_weight":"","ocean_menu_typo_font_weight_tablet":"","ocean_menu_typo_font_weight_mobile":"","ocean_menu_typo_transform":"","ocean_menu_typo_transform_tablet":"","ocean_menu_typo_transform_mobile":"","ocean_menu_typo_line_height":0,"ocean_menu_typo_line_height_tablet":0,"ocean_menu_typo_line_height_mobile":0,"ocean_menu_typo_line_height_unit":"","ocean_menu_typo_spacing":0,"ocean_menu_typo_spacing_tablet":0,"ocean_menu_typo_spacing_mobile":0,"ocean_menu_typo_spacing_unit":"","ocean_menu_link_color":"","ocean_menu_link_color_hover":"","ocean_menu_link_color_active":"","ocean_menu_link_background":"","ocean_menu_link_hover_background":"","ocean_menu_link_active_background":"","ocean_menu_social_links_bg":"","ocean_menu_social_hover_links_bg":"","ocean_menu_social_links_color":"","ocean_menu_social_hover_links_color":"","ocean_disable_title":"default","ocean_disable_heading":"default","ocean_post_title":"","ocean_post_subheading":"","ocean_post_title_style":"","ocean_post_title_background_color":"","ocean_post_title_background":0,"ocean_post_title_bg_image_position":"","ocean_post_title_bg_image_attachment":"","ocean_post_title_bg_image_repeat":"","ocean_post_title_bg_image_size":"","ocean_post_title_height":0,"ocean_post_title_bg_overlay":0.5,"ocean_post_title_bg_overlay_color":"","ocean_disable_breadcrumbs":"default","ocean_breadcrumbs_color":"","ocean_breadcrumbs_separator_color":"","ocean_breadcrumbs_links_color":"","ocean_breadcrumbs_links_hover_color":"","ocean_display_footer_widgets":"default","ocean_display_footer_bottom":"default","ocean_custom_footer_template":"0","footnotes":""},"class_list":["post-11","page","type-page","status-publish","hentry","entry","owp-thumbs-layout-horizontal","owp-btn-normal","owp-tabs-layout-horizontal","has-no-thumbnails","has-product-nav"],"yoast_head":"<!-- This site is optimized with the Yoast SEO plugin v26.8 - https:\/\/yoast.com\/product\/yoast-seo-wordpress\/ -->\n<title>Pol\u00edtica de devoluciones y reembolsos - CASETAS MODULARES PLEGABLES<\/title>\n<meta name=\"robots\" content=\"noindex, follow\" \/>\n<meta property=\"og:locale\" content=\"es_ES\" \/>\n<meta property=\"og:type\" content=\"article\" \/>\n<meta property=\"og:title\" content=\"Pol\u00edtica de devoluciones y reembolsos - CASETAS MODULARES PLEGABLES\" \/>\n<meta property=\"og:description\" content=\"Satisfacci\u00f3n o devoluci\u00f3n Si el cliente no quedara satisfecho con su producto, el plazo m\u00e1ximo para solicitar la devoluci\u00f3n se estipula en\u00a014 d\u00edas naturales desde la recepci\u00f3n del pedido. En este caso los gastos de env\u00edo y recogida correr\u00e1n por cuenta del cliente, tambien se aplicara una deduccion del 10 al 50% en caso del [&hellip;]\" \/>\n<meta property=\"og:url\" content=\"https:\/\/www.casetasmodulares.es\/blog\/?page_id=11\" \/>\n<meta property=\"og:site_name\" content=\"CASETAS MODULARES PLEGABLES\" \/>\n<meta property=\"article:modified_time\" content=\"2025-06-27T16:35:47+00:00\" \/>\n<meta name=\"twitter:card\" content=\"summary_large_image\" \/>\n<meta name=\"twitter:label1\" content=\"Tiempo de lectura\" \/>\n\t<meta name=\"twitter:data1\" content=\"2 minutos\" \/>\n<script type=\"application\/ld+json\" class=\"yoast-schema-graph\">{\"@context\":\"https:\/\/schema.org\",\"@graph\":[{\"@type\":\"WebPage\",\"@id\":\"https:\/\/www.casetasmodulares.es\/blog\/?page_id=11\",\"url\":\"https:\/\/www.casetasmodulares.es\/blog\/?page_id=11\",\"name\":\"Pol\u00edtica de devoluciones y reembolsos - CASETAS MODULARES PLEGABLES\",\"isPartOf\":{\"@id\":\"https:\/\/www.casetasmodulares.es\/blog\/#website\"},\"datePublished\":\"2023-05-25T15:25:36+00:00\",\"dateModified\":\"2025-06-27T16:35:47+00:00\",\"breadcrumb\":{\"@id\":\"https:\/\/www.casetasmodulares.es\/blog\/?page_id=11#breadcrumb\"},\"inLanguage\":\"es\",\"potentialAction\":[{\"@type\":\"ReadAction\",\"target\":[\"https:\/\/www.casetasmodulares.es\/blog\/?page_id=11\"]}]},{\"@type\":\"BreadcrumbList\",\"@id\":\"https:\/\/www.casetasmodulares.es\/blog\/?page_id=11#breadcrumb\",\"itemListElement\":[{\"@type\":\"ListItem\",\"position\":1,\"name\":\"Portada\",\"item\":\"https:\/\/www.casetasmodulares.es\/blog\/\"},{\"@type\":\"ListItem\",\"position\":2,\"name\":\"Pol\u00edtica de devoluciones y reembolsos\"}]},{\"@type\":\"WebSite\",\"@id\":\"https:\/\/www.casetasmodulares.es\/blog\/#website\",\"url\":\"https:\/\/www.casetasmodulares.es\/blog\/\",\"name\":\"CASETAS MODULARES PLEGABLES\",\"description\":\"CASETAS DE OBRA PLEGABLES\",\"publisher\":{\"@id\":\"https:\/\/www.casetasmodulares.es\/blog\/#organization\"},\"potentialAction\":[{\"@type\":\"SearchAction\",\"target\":{\"@type\":\"EntryPoint\",\"urlTemplate\":\"https:\/\/www.casetasmodulares.es\/blog\/?s={search_term_string}\"},\"query-input\":{\"@type\":\"PropertyValueSpecification\",\"valueRequired\":true,\"valueName\":\"search_term_string\"}}],\"inLanguage\":\"es\"},{\"@type\":\"Organization\",\"@id\":\"https:\/\/www.casetasmodulares.es\/blog\/#organization\",\"name\":\"CASETAS MODULARES PLEGABLES\",\"url\":\"https:\/\/www.casetasmodulares.es\/blog\/\",\"logo\":{\"@type\":\"ImageObject\",\"inLanguage\":\"es\",\"@id\":\"https:\/\/www.casetasmodulares.es\/blog\/#\/schema\/logo\/image\/\",\"url\":\"https:\/\/www.casetasmodulares.es\/blog\/wp-content\/uploads\/2022\/06\/cropped-1169557a-81a1-41c5-ab9f-3d0ce0dba575.jpg\",\"contentUrl\":\"https:\/\/www.casetasmodulares.es\/blog\/wp-content\/uploads\/2022\/06\/cropped-1169557a-81a1-41c5-ab9f-3d0ce0dba575.jpg\",\"width\":512,\"height\":512,\"caption\":\"CASETAS MODULARES PLEGABLES\"},\"image\":{\"@id\":\"https:\/\/www.casetasmodulares.es\/blog\/#\/schema\/logo\/image\/\"}}]}<\/script>\n<!-- \/ Yoast SEO plugin. -->","yoast_head_json":{"title":"Pol\u00edtica de devoluciones y reembolsos - CASETAS MODULARES PLEGABLES","robots":{"index":"noindex","follow":"follow"},"og_locale":"es_ES","og_type":"article","og_title":"Pol\u00edtica de devoluciones y reembolsos - CASETAS MODULARES PLEGABLES","og_description":"Satisfacci\u00f3n o devoluci\u00f3n Si el cliente no quedara satisfecho con su producto, el plazo m\u00e1ximo para solicitar la devoluci\u00f3n se estipula en\u00a014 d\u00edas naturales desde la recepci\u00f3n del pedido. En este caso los gastos de env\u00edo y recogida correr\u00e1n por cuenta del cliente, tambien se aplicara una deduccion del 10 al 50% en caso del [&hellip;]","og_url":"https:\/\/www.casetasmodulares.es\/blog\/?page_id=11","og_site_name":"CASETAS MODULARES PLEGABLES","article_modified_time":"2025-06-27T16:35:47+00:00","twitter_card":"summary_large_image","twitter_misc":{"Tiempo de lectura":"2 minutos"},"schema":{"@context":"https:\/\/schema.org","@graph":[{"@type":"WebPage","@id":"https:\/\/www.casetasmodulares.es\/blog\/?page_id=11","url":"https:\/\/www.casetasmodulares.es\/blog\/?page_id=11","name":"Pol\u00edtica de devoluciones y reembolsos - CASETAS MODULARES PLEGABLES","isPartOf":{"@id":"https:\/\/www.casetasmodulares.es\/blog\/#website"},"datePublished":"2023-05-25T15:25:36+00:00","dateModified":"2025-06-27T16:35:47+00:00","breadcrumb":{"@id":"https:\/\/www.casetasmodulares.es\/blog\/?page_id=11#breadcrumb"},"inLanguage":"es","potentialAction":[{"@type":"ReadAction","target":["https:\/\/www.casetasmodulares.es\/blog\/?page_id=11"]}]},{"@type":"BreadcrumbList","@id":"https:\/\/www.casetasmodulares.es\/blog\/?page_id=11#breadcrumb","itemListElement":[{"@type":"ListItem","position":1,"name":"Portada","item":"https:\/\/www.casetasmodulares.es\/blog\/"},{"@type":"ListItem","position":2,"name":"Pol\u00edtica de devoluciones y reembolsos"}]},{"@type":"WebSite","@id":"https:\/\/www.casetasmodulares.es\/blog\/#website","url":"https:\/\/www.casetasmodulares.es\/blog\/","name":"CASETAS MODULARES PLEGABLES","description":"CASETAS DE OBRA PLEGABLES","publisher":{"@id":"https:\/\/www.casetasmodulares.es\/blog\/#organization"},"potentialAction":[{"@type":"SearchAction","target":{"@type":"EntryPoint","urlTemplate":"https:\/\/www.casetasmodulares.es\/blog\/?s={search_term_string}"},"query-input":{"@type":"PropertyValueSpecification","valueRequired":true,"valueName":"search_term_string"}}],"inLanguage":"es"},{"@type":"Organization","@id":"https:\/\/www.casetasmodulares.es\/blog\/#organization","name":"CASETAS MODULARES PLEGABLES","url":"https:\/\/www.casetasmodulares.es\/blog\/","logo":{"@type":"ImageObject","inLanguage":"es","@id":"https:\/\/www.casetasmodulares.es\/blog\/#\/schema\/logo\/image\/","url":"https:\/\/www.casetasmodulares.es\/blog\/wp-content\/uploads\/2022\/06\/cropped-1169557a-81a1-41c5-ab9f-3d0ce0dba575.jpg","contentUrl":"https:\/\/www.casetasmodulares.es\/blog\/wp-content\/uploads\/2022\/06\/cropped-1169557a-81a1-41c5-ab9f-3d0ce0dba575.jpg","width":512,"height":512,"caption":"CASETAS MODULARES PLEGABLES"},"image":{"@id":"https:\/\/www.casetasmodulares.es\/blog\/#\/schema\/logo\/image\/"}}]}},"_links":{"self":[{"href":"https:\/\/www.casetasmodulares.es\/blog\/index.php?rest_route=\/wp\/v2\/pages\/11","targetHints":{"allow":["GET"]}}],"collection":[{"href":"https:\/\/www.casetasmodulares.es\/blog\/index.php?rest_route=\/wp\/v2\/pages"}],"about":[{"href":"https:\/\/www.casetasmodulares.es\/blog\/index.php?rest_route=\/wp\/v2\/types\/page"}],"author":[{"embeddable":true,"href":"https:\/\/www.casetasmodulares.es\/blog\/index.php?rest_route=\/wp\/v2\/users\/1"}],"replies":[{"embeddable":true,"href":"https:\/\/www.casetasmodulares.es\/blog\/index.php?rest_route=%2Fwp%2Fv2%2Fcomments&post=11"}],"version-history":[{"count":2,"href":"https:\/\/www.casetasmodulares.es\/blog\/index.php?rest_route=\/wp\/v2\/pages\/11\/revisions"}],"predecessor-version":[{"id":1302,"href":"https:\/\/www.casetasmodulares.es\/blog\/index.php?rest_route=\/wp\/v2\/pages\/11\/revisions\/1302"}],"wp:attachment":[{"href":"https:\/\/www.casetasmodulares.es\/blog\/index.php?rest_route=%2Fwp%2Fv2%2Fmedia&parent=11"}],"curies":[{"name":"wp","href":"https:\/\/api.w.org\/{rel}","templated":true}]}}