{"id":15,"date":"2022-06-17T20:55:25","date_gmt":"2022-06-17T18:55:25","guid":{"rendered":"https:\/\/www.casetasmodulares.es\/blog\/?page_id=15"},"modified":"2026-02-08T19:51:44","modified_gmt":"2026-02-08T18:51:44","slug":"politica-de-privacidad","status":"publish","type":"page","link":"https:\/\/www.casetasmodulares.es\/blog\/?page_id=15","title":{"rendered":"Pol\u00edtica de Privacidad"},"content":{"rendered":"<header class=\"entry-header\" aria-label=\"Contenido\"><strong>POLT\u00cdTICA DE PRIVACIDAD<\/strong>En cumplimiento de lo dispuesto en el Reglamento General de Protecci\u00f3n de Datos 2016\/679<br \/>\n(RGPD) y la Ley Org\u00e1nica de Protecci\u00f3n de Datos y Garant\u00eda de los Derechos Digitales<br \/>\n(LOPDGDD) de diciembre de 2018, informamos:<br \/>\n1. RESPONSABLE DEL TRATAMIENTO<br \/>\nIdentidad: BAUTRONIC IMPORTACI\u00d3N Y SERVICIOS, S.L., en adelante \u201cel Titular\u201d<br \/>\nCIF: B72532310<br \/>\nDirecci\u00f3n: EL BARRANQUILLO 54 04760 BERJA-ALMER\u00cdA<br \/>\nTel\u00e9fono: 662443468<br \/>\nE-mail: ventas@grupobaimse.com<\/p>\n<p><strong>2. FINALIDAD DEL TRATAMIENTO DE LOS DATOS.<\/strong><\/p>\n<p>Le informamos que los datos que nos facilite se tratan con la finalidad de gestionar y<br \/>\nresponder las solicitudes de contacto recibidas, as\u00ed como agilizar y cumplir los compromisos<br \/>\nestablecidos entre el Titular y el Usuario y el mantenimiento de la relaci\u00f3n que se establezca.<br \/>\nAsimismo, de conformidad con lo previsto en el RGPD se mantiene un registro de actividades<br \/>\nde tratamiento que especifica, seg\u00fan sus finalidades, las actividades de tratamiento llevadas a<br \/>\ncabo y las dem\u00e1s circunstancias establecidas en el RGPD.<br \/>\nLa informaci\u00f3n personal no podr\u00e1 ser utilizada para otros fines que los relacionados con los<br \/>\nservicios contratados o productos adquiridos. No se tomar\u00e1n decisiones automatizadas en<br \/>\nbase a dicho perfil.<\/p>\n<p><strong>3. LEGITIMACI\u00d3N PARA EL TRATAMIENTO DE DATOS<\/strong><\/p>\n<p>La base legal para el tratamiento realizado est\u00e1 basada en:<br \/>\n\uf0b7 El consentimiento otorgado por el Usuario mediante la aceptaci\u00f3n de la presente Pol\u00edtica y<br \/>\nla casilla correspondiente.<br \/>\n\uf0b7 El Usuario ha aportado sus datos personales en el marco de una relaci\u00f3n contractual o<br \/>\nprecontractual para la atenci\u00f3n de su solicitud y\/o consulta y por tanto su tratamiento es<br \/>\nnecesario para el mantenimiento de dicha relaci\u00f3n.<br \/>\n\uf0b7 Las obligaciones legales aplicables al Titular que requieren del tratamiento de los datos<br \/>\npersonales de acuerdo con los servicios prestados, como aquellas relacionadas con<br \/>\ncuestiones tributarias.<br \/>\nEl Usuario podr\u00e1, en cualquier momento revocar su consentimiento para el tratamiento de sus<br \/>\ndatos personales. En ning\u00fan caso la retirada de estos consentimientos condiciona la prestaci\u00f3n<br \/>\ndel servicio, y\/o la ejecuci\u00f3n de contratos con el Titular<\/p>\n<p><strong>4. DATOS PERSONALES QUE SE TRATAN Y PROCEDENCIA<\/strong><\/p>\n<p>Los datos personales que tratamos son de car\u00e1cter identificativo y han sido facilitados por el<br \/>\npropio Usuario mediante el formulario de contacto web, el env\u00edo de correos electr\u00f3nicos o uso<br \/>\nde las funcionalidades ofrecidas en el sitio web.<br \/>\nEl uso de los apartados de contacto, cumplimentaci\u00f3n de formularios y\/o funcionalidades<br \/>\nofrecidas en el Portal es voluntario. No obstante, la cumplimentaci\u00f3n de determinados campos<br \/>\ndel formulario o su facilitaci\u00f3n mediante el uso de otras funcionalidades resultan necesarios<br \/>\npara atender y gestionar correctamente su solicitud, por lo que la negativa del Usuario a<\/p>\n<p>facilitar la informaci\u00f3n requerida impedir\u00e1 al Titular atenderla y gestionarla correctamente. El<br \/>\nUsuario garantiza que los datos que nos facilita son veraces, exactos y completos. Se<br \/>\ncancelar\u00e1n, borrar\u00e1n o bloquear\u00e1n los datos cuando resulten inexactos, incompletos o hayan<br \/>\ndejado de ser necesarios o pertinentes para su finalidad conforme a la legislaci\u00f3n vigente. Si<br \/>\nlos datos personales aportados son de un tercero, el Usuario garantiza que le ha informado de<br \/>\nla Pol\u00edtica de Privacidad y ha obtenido su autorizaci\u00f3n para facilitar sus datos con las<br \/>\nfinalidades antes se\u00f1aladas. Igualmente garantiza que los datos aportados son exactos y<br \/>\nactualizados, siendo responsable de cualquier da\u00f1o o perjuicio, directo o indirecto, que<br \/>\npudiera ocasionarse como consecuencia del incumplimiento de tal obligaci\u00f3n. El Usuario se<br \/>\ncompromete y responsabiliza de la veracidad y correcci\u00f3n de los datos que nos facilita,<br \/>\ncomprometi\u00e9ndose a mantenerlos debidamente actualizados.<br \/>\nEl sitio web puede incluir enlaces o links a sitios de terceros. Las antedichas webs no han sido<br \/>\nrevisadas ni son objeto de controles sobre los mismos por el portal. El Titular est\u00e1 presente en<br \/>\nYouTube con la finalidad de informar sobre los productos o servicios que ofrece, as\u00ed como de<br \/>\ncualquier otra actividad e informaci\u00f3n que se quiera dar publicidad. En ning\u00fan momento<br \/>\nobtendr\u00e1 de las mismas datos personales de los usuarios que interact\u00faen en ellas, a menos<br \/>\nque haya autorizaci\u00f3n expresa. El titular no podr\u00e1 ser considerado en ning\u00fan caso responsable<br \/>\nde los contenidos de estos sitios Web ni de las medidas que se adopten relativas a su<br \/>\nprivacidad o al tratamiento de sus datos de car\u00e1cter personal. Se recomienda la lectura<br \/>\ndetenida de las condiciones de uso y la pol\u00edtica de privacidad de estos sitios.<br \/>\nEn caso de estar interesado en activar un enlace a la presente p\u00e1gina deber\u00e1 comunicarlo al<br \/>\nTitular obteniendo el consentimiento expreso para crear el enlace. El Titular se reserva el<br \/>\nderecho de oposici\u00f3n a la activaci\u00f3n de enlaces con su sitio Web.<\/p>\n<p><strong>5. PLAZOS DE CONSERVACI\u00d3N DE LOS DATOS PERSONALES.<\/strong><\/p>\n<p>Los datos personales proporcionados por el Usuario se conservar\u00e1n mientras permanezca<br \/>\ndado de alta en el servicio, mientras se mantenga la relaci\u00f3n negocial, mientras el Usuario no<br \/>\nsolicite su supresi\u00f3n, o durante el plazo legal establecido. As\u00ed mismo podr\u00e1n conservarse<br \/>\ncuando sean necesarios para el cumplimiento de una obligaci\u00f3n legal o para la formulaci\u00f3n, el<br \/>\nejercicio y la defensa de reclamaciones.<br \/>\nSi el Usuario revoca su consentimiento o ejercita los derechos de oposici\u00f3n o supresi\u00f3n, sus<br \/>\ndatos se conservar\u00e1n bloqueados a disposici\u00f3n de la Administraci\u00f3n de Justicia durante los<br \/>\nplazos establecidos legalmente para atender a las posibles responsabilidades nacidas del<br \/>\ntratamiento de los datos personales. En ning\u00fan caso condicionar\u00e1 la prestaci\u00f3n del servicio,<br \/>\ny\/o la ejecuci\u00f3n de contratos con el Titular.<\/p>\n<p><strong>6. SECRETO Y SEGURIDAD DE LOS DATOS PERSONALES<\/strong><\/p>\n<p>El Titular se compromete a adoptar las medidas t\u00e9cnicas y organizativas necesarias, seg\u00fan el<br \/>\nnivel de seguridad adecuado al riesgo de los datos recogidos, de forma que se garantice la<br \/>\nseguridad de los datos de car\u00e1cter personal y se evite la destrucci\u00f3n, p\u00e9rdida o alteraci\u00f3n<br \/>\naccidental o il\u00edcita de datos personales transmitidos, conservados o tratados de otra forma, o<br \/>\nla comunicaci\u00f3n o acceso no autorizados a dichos datos.<br \/>\nLos datos personales ser\u00e1n tratados como confidenciales por el Responsable del tratamiento,<br \/>\nquien se compromete a informar y a garantizar por medio de una obligaci\u00f3n legal o<br \/>\ncontractual que dicha confidencialidad sea respetada por sus empleados, asociados, y toda<br \/>\npersona a la cual le haga accesible la informaci\u00f3n.<\/p>\n<p><strong>7. CESIONES Y DESTINATARIOS DE LOS DATOS PERSONALES.<\/strong><\/p>\n<p>Los datos no ser\u00e1n comunicados a terceros, salvo que los casos legalmente previstos o sea<br \/>\nnecesario para cumplir con la finalidad del tratamiento.<\/p>\n<p><strong>8. DERECHOS DE LOS USUARIOS.<\/strong><\/p>\n<p>\u00bfCu\u00e1les son sus derechos cuando nos facilita sus datos?<br \/>\nEl Usuario tiene derecho a obtener confirmaci\u00f3n sobre si estamos tratando datos personales<br \/>\nque les conciernan, o no. El Usuario tiene derecho a acceder a sus datos personales, as\u00ed como<br \/>\na solicitar la rectificaci\u00f3n de los datos inexactos o, en su caso, solicitar su supresi\u00f3n cuando,<br \/>\nentre otros motivos, los datos ya no sean necesarios para los fines que fueron recogidos. En<br \/>\ndeterminadas circunstancias, el Usuario podr\u00e1 solicitar la limitaci\u00f3n del tratamiento de sus<br \/>\ndatos, en cuyo caso \u00fanicamente los conservaremos para el ejercicio o la defensa de<br \/>\nreclamaciones. En determinadas circunstancias y por motivos relacionados con su situaci\u00f3n<br \/>\nparticular, el Usuario podr\u00e1 oponerse al tratamiento de sus datos, por lo que el responsable<br \/>\ndel tratamiento dejar\u00e1 de tratar los datos, salvo por motivos leg\u00edtimos imperiosos, o el<br \/>\nejercicio o la defensa de posibles reclamaciones. En aquellos supuestos en los que legalmente<br \/>\nproceda, tendr\u00e1 el derecho a la portabilidad de los datos, lo que implica que tiene derecho a<br \/>\nrecibir los datos personales relativos a su persona que estemos tratando y almacenarlos en un<br \/>\ndispositivo propio.<\/p>\n<p>Puede ejercitar ante BAUTRONIC IMPORTACI\u00d3N Y SERVICIOS, S.L. en caso de que resulten de<br \/>\naplicaci\u00f3n, los derechos de acceso, rectificaci\u00f3n, oposici\u00f3n, supresi\u00f3n, limitaci\u00f3n del<br \/>\ntratamiento, portabilidad y a oponerse a ser objeto de decisiones individuales automatizadas<br \/>\nmediante comunicaci\u00f3n escrita acompa\u00f1ada de fotocopia del D.N.I. identificando la referencia<br \/>\n\u201cProtecci\u00f3n de Datos\u201d dirigida a la siguiente direcci\u00f3n: Bulevar Ciudad de Vicar, 1358; 04738;<br \/>\nVICAR &#8211; ALMER\u00cdA o a la siguiente direcci\u00f3n de email: ventas@grupobaimse.com<br \/>\nIgualmente, le informamos que puede dirigir cualquier tipo de reclamaci\u00f3n en materia de<br \/>\nprotecci\u00f3n de datos personales a la Agencia Espa\u00f1ola de Protecci\u00f3n de Datos www.agpd.es ,<br \/>\nAutoridad de Control de Espa\u00f1a.<\/p>\n<\/header>\n","protected":false},"excerpt":{"rendered":"<p>POLT\u00cdTICA DE PRIVACIDADEn cumplimiento de lo dispuesto en el Reglamento General de Protecci\u00f3n de Datos 2016\/679 (RGPD) y la Ley Org\u00e1nica de Protecci\u00f3n de Datos y Garant\u00eda de los Derechos Digitales (LOPDGDD) de diciembre de 2018, informamos: 1. RESPONSABLE DEL TRATAMIENTO Identidad: BAUTRONIC IMPORTACI\u00d3N Y SERVICIOS, S.L., en adelante \u201cel Titular\u201d CIF: B72532310 Direcci\u00f3n: EL [&hellip;]<\/p>\n","protected":false},"author":1,"featured_media":0,"parent":0,"menu_order":0,"comment_status":"closed","ping_status":"closed","template":"","meta":{"ocean_post_layout":"","ocean_both_sidebars_style":"","ocean_both_sidebars_content_width":0,"ocean_both_sidebars_sidebars_width":0,"ocean_sidebar":"0","ocean_second_sidebar":"0","ocean_disable_margins":"enable","ocean_add_body_class":"","ocean_shortcode_before_top_bar":"","ocean_shortcode_after_top_bar":"","ocean_shortcode_before_header":"","ocean_shortcode_after_header":"","ocean_has_shortcode":"","ocean_shortcode_after_title":"","ocean_shortcode_before_footer_widgets":"","ocean_shortcode_after_footer_widgets":"","ocean_shortcode_before_footer_bottom":"","ocean_shortcode_after_footer_bottom":"","ocean_display_top_bar":"default","ocean_display_header":"default","ocean_header_style":"","ocean_center_header_left_menu":"0","ocean_custom_header_template":"0","ocean_custom_logo":0,"ocean_custom_retina_logo":0,"ocean_custom_logo_max_width":0,"ocean_custom_logo_tablet_max_width":0,"ocean_custom_logo_mobile_max_width":0,"ocean_custom_logo_max_height":0,"ocean_custom_logo_tablet_max_height":0,"ocean_custom_logo_mobile_max_height":0,"ocean_header_custom_menu":"0","ocean_menu_typo_font_family":"0","ocean_menu_typo_font_subset":"","ocean_menu_typo_font_size":0,"ocean_menu_typo_font_size_tablet":0,"ocean_menu_typo_font_size_mobile":0,"ocean_menu_typo_font_size_unit":"px","ocean_menu_typo_font_weight":"","ocean_menu_typo_font_weight_tablet":"","ocean_menu_typo_font_weight_mobile":"","ocean_menu_typo_transform":"","ocean_menu_typo_transform_tablet":"","ocean_menu_typo_transform_mobile":"","ocean_menu_typo_line_height":0,"ocean_menu_typo_line_height_tablet":0,"ocean_menu_typo_line_height_mobile":0,"ocean_menu_typo_line_height_unit":"","ocean_menu_typo_spacing":0,"ocean_menu_typo_spacing_tablet":0,"ocean_menu_typo_spacing_mobile":0,"ocean_menu_typo_spacing_unit":"","ocean_menu_link_color":"","ocean_menu_link_color_hover":"","ocean_menu_link_color_active":"","ocean_menu_link_background":"","ocean_menu_link_hover_background":"","ocean_menu_link_active_background":"","ocean_menu_social_links_bg":"","ocean_menu_social_hover_links_bg":"","ocean_menu_social_links_color":"","ocean_menu_social_hover_links_color":"","ocean_disable_title":"default","ocean_disable_heading":"default","ocean_post_title":"","ocean_post_subheading":"","ocean_post_title_style":"","ocean_post_title_background_color":"","ocean_post_title_background":0,"ocean_post_title_bg_image_position":"","ocean_post_title_bg_image_attachment":"","ocean_post_title_bg_image_repeat":"","ocean_post_title_bg_image_size":"","ocean_post_title_height":0,"ocean_post_title_bg_overlay":0.5,"ocean_post_title_bg_overlay_color":"","ocean_disable_breadcrumbs":"default","ocean_breadcrumbs_color":"","ocean_breadcrumbs_separator_color":"","ocean_breadcrumbs_links_color":"","ocean_breadcrumbs_links_hover_color":"","ocean_display_footer_widgets":"default","ocean_display_footer_bottom":"default","ocean_custom_footer_template":"0","footnotes":""},"class_list":["post-15","page","type-page","status-publish","hentry","entry","owp-thumbs-layout-horizontal","owp-btn-normal","owp-tabs-layout-horizontal","has-no-thumbnails","has-product-nav"],"yoast_head":"<!-- This site is optimized with the Yoast SEO plugin v26.8 - https:\/\/yoast.com\/product\/yoast-seo-wordpress\/ -->\n<title>Pol\u00edtica de Privacidad - CASETAS MODULARES PLEGABLES<\/title>\n<meta name=\"robots\" content=\"noindex, follow\" \/>\n<meta property=\"og:locale\" content=\"es_ES\" \/>\n<meta property=\"og:type\" content=\"article\" \/>\n<meta property=\"og:title\" content=\"Pol\u00edtica de Privacidad - CASETAS MODULARES PLEGABLES\" \/>\n<meta property=\"og:description\" content=\"POLT\u00cdTICA DE PRIVACIDADEn cumplimiento de lo dispuesto en el Reglamento General de Protecci\u00f3n de Datos 2016\/679 (RGPD) y la Ley Org\u00e1nica de Protecci\u00f3n de Datos y Garant\u00eda de los Derechos Digitales (LOPDGDD) de diciembre de 2018, informamos: 1. RESPONSABLE DEL TRATAMIENTO Identidad: BAUTRONIC IMPORTACI\u00d3N Y SERVICIOS, S.L., en adelante \u201cel Titular\u201d CIF: B72532310 Direcci\u00f3n: EL [&hellip;]\" \/>\n<meta property=\"og:url\" content=\"https:\/\/www.casetasmodulares.es\/blog\/?page_id=15\" \/>\n<meta property=\"og:site_name\" content=\"CASETAS MODULARES PLEGABLES\" \/>\n<meta property=\"article:modified_time\" content=\"2026-02-08T18:51:44+00:00\" \/>\n<meta name=\"twitter:card\" content=\"summary_large_image\" \/>\n<meta name=\"twitter:label1\" content=\"Tiempo de lectura\" \/>\n\t<meta name=\"twitter:data1\" content=\"7 minutos\" \/>\n<script type=\"application\/ld+json\" class=\"yoast-schema-graph\">{\"@context\":\"https:\/\/schema.org\",\"@graph\":[{\"@type\":\"WebPage\",\"@id\":\"https:\/\/www.casetasmodulares.es\/blog\/?page_id=15\",\"url\":\"https:\/\/www.casetasmodulares.es\/blog\/?page_id=15\",\"name\":\"Pol\u00edtica de Privacidad - CASETAS MODULARES PLEGABLES\",\"isPartOf\":{\"@id\":\"https:\/\/www.casetasmodulares.es\/blog\/#website\"},\"datePublished\":\"2022-06-17T18:55:25+00:00\",\"dateModified\":\"2026-02-08T18:51:44+00:00\",\"breadcrumb\":{\"@id\":\"https:\/\/www.casetasmodulares.es\/blog\/?page_id=15#breadcrumb\"},\"inLanguage\":\"es\",\"potentialAction\":[{\"@type\":\"ReadAction\",\"target\":[\"https:\/\/www.casetasmodulares.es\/blog\/?page_id=15\"]}]},{\"@type\":\"BreadcrumbList\",\"@id\":\"https:\/\/www.casetasmodulares.es\/blog\/?page_id=15#breadcrumb\",\"itemListElement\":[{\"@type\":\"ListItem\",\"position\":1,\"name\":\"Portada\",\"item\":\"https:\/\/www.casetasmodulares.es\/blog\/\"},{\"@type\":\"ListItem\",\"position\":2,\"name\":\"Pol\u00edtica de Privacidad\"}]},{\"@type\":\"WebSite\",\"@id\":\"https:\/\/www.casetasmodulares.es\/blog\/#website\",\"url\":\"https:\/\/www.casetasmodulares.es\/blog\/\",\"name\":\"CASETAS MODULARES PLEGABLES\",\"description\":\"CASETAS DE OBRA PLEGABLES\",\"publisher\":{\"@id\":\"https:\/\/www.casetasmodulares.es\/blog\/#organization\"},\"potentialAction\":[{\"@type\":\"SearchAction\",\"target\":{\"@type\":\"EntryPoint\",\"urlTemplate\":\"https:\/\/www.casetasmodulares.es\/blog\/?s={search_term_string}\"},\"query-input\":{\"@type\":\"PropertyValueSpecification\",\"valueRequired\":true,\"valueName\":\"search_term_string\"}}],\"inLanguage\":\"es\"},{\"@type\":\"Organization\",\"@id\":\"https:\/\/www.casetasmodulares.es\/blog\/#organization\",\"name\":\"CASETAS MODULARES PLEGABLES\",\"url\":\"https:\/\/www.casetasmodulares.es\/blog\/\",\"logo\":{\"@type\":\"ImageObject\",\"inLanguage\":\"es\",\"@id\":\"https:\/\/www.casetasmodulares.es\/blog\/#\/schema\/logo\/image\/\",\"url\":\"https:\/\/www.casetasmodulares.es\/blog\/wp-content\/uploads\/2022\/06\/cropped-1169557a-81a1-41c5-ab9f-3d0ce0dba575.jpg\",\"contentUrl\":\"https:\/\/www.casetasmodulares.es\/blog\/wp-content\/uploads\/2022\/06\/cropped-1169557a-81a1-41c5-ab9f-3d0ce0dba575.jpg\",\"width\":512,\"height\":512,\"caption\":\"CASETAS MODULARES PLEGABLES\"},\"image\":{\"@id\":\"https:\/\/www.casetasmodulares.es\/blog\/#\/schema\/logo\/image\/\"}}]}<\/script>\n<!-- \/ Yoast SEO plugin. -->","yoast_head_json":{"title":"Pol\u00edtica de Privacidad - CASETAS MODULARES PLEGABLES","robots":{"index":"noindex","follow":"follow"},"og_locale":"es_ES","og_type":"article","og_title":"Pol\u00edtica de Privacidad - CASETAS MODULARES PLEGABLES","og_description":"POLT\u00cdTICA DE PRIVACIDADEn cumplimiento de lo dispuesto en el Reglamento General de Protecci\u00f3n de Datos 2016\/679 (RGPD) y la Ley Org\u00e1nica de Protecci\u00f3n de Datos y Garant\u00eda de los Derechos Digitales (LOPDGDD) de diciembre de 2018, informamos: 1. RESPONSABLE DEL TRATAMIENTO Identidad: BAUTRONIC IMPORTACI\u00d3N Y SERVICIOS, S.L., en adelante \u201cel Titular\u201d CIF: B72532310 Direcci\u00f3n: EL [&hellip;]","og_url":"https:\/\/www.casetasmodulares.es\/blog\/?page_id=15","og_site_name":"CASETAS MODULARES PLEGABLES","article_modified_time":"2026-02-08T18:51:44+00:00","twitter_card":"summary_large_image","twitter_misc":{"Tiempo de lectura":"7 minutos"},"schema":{"@context":"https:\/\/schema.org","@graph":[{"@type":"WebPage","@id":"https:\/\/www.casetasmodulares.es\/blog\/?page_id=15","url":"https:\/\/www.casetasmodulares.es\/blog\/?page_id=15","name":"Pol\u00edtica de Privacidad - CASETAS MODULARES PLEGABLES","isPartOf":{"@id":"https:\/\/www.casetasmodulares.es\/blog\/#website"},"datePublished":"2022-06-17T18:55:25+00:00","dateModified":"2026-02-08T18:51:44+00:00","breadcrumb":{"@id":"https:\/\/www.casetasmodulares.es\/blog\/?page_id=15#breadcrumb"},"inLanguage":"es","potentialAction":[{"@type":"ReadAction","target":["https:\/\/www.casetasmodulares.es\/blog\/?page_id=15"]}]},{"@type":"BreadcrumbList","@id":"https:\/\/www.casetasmodulares.es\/blog\/?page_id=15#breadcrumb","itemListElement":[{"@type":"ListItem","position":1,"name":"Portada","item":"https:\/\/www.casetasmodulares.es\/blog\/"},{"@type":"ListItem","position":2,"name":"Pol\u00edtica de Privacidad"}]},{"@type":"WebSite","@id":"https:\/\/www.casetasmodulares.es\/blog\/#website","url":"https:\/\/www.casetasmodulares.es\/blog\/","name":"CASETAS MODULARES PLEGABLES","description":"CASETAS DE OBRA PLEGABLES","publisher":{"@id":"https:\/\/www.casetasmodulares.es\/blog\/#organization"},"potentialAction":[{"@type":"SearchAction","target":{"@type":"EntryPoint","urlTemplate":"https:\/\/www.casetasmodulares.es\/blog\/?s={search_term_string}"},"query-input":{"@type":"PropertyValueSpecification","valueRequired":true,"valueName":"search_term_string"}}],"inLanguage":"es"},{"@type":"Organization","@id":"https:\/\/www.casetasmodulares.es\/blog\/#organization","name":"CASETAS MODULARES PLEGABLES","url":"https:\/\/www.casetasmodulares.es\/blog\/","logo":{"@type":"ImageObject","inLanguage":"es","@id":"https:\/\/www.casetasmodulares.es\/blog\/#\/schema\/logo\/image\/","url":"https:\/\/www.casetasmodulares.es\/blog\/wp-content\/uploads\/2022\/06\/cropped-1169557a-81a1-41c5-ab9f-3d0ce0dba575.jpg","contentUrl":"https:\/\/www.casetasmodulares.es\/blog\/wp-content\/uploads\/2022\/06\/cropped-1169557a-81a1-41c5-ab9f-3d0ce0dba575.jpg","width":512,"height":512,"caption":"CASETAS MODULARES PLEGABLES"},"image":{"@id":"https:\/\/www.casetasmodulares.es\/blog\/#\/schema\/logo\/image\/"}}]}},"_links":{"self":[{"href":"https:\/\/www.casetasmodulares.es\/blog\/index.php?rest_route=\/wp\/v2\/pages\/15","targetHints":{"allow":["GET"]}}],"collection":[{"href":"https:\/\/www.casetasmodulares.es\/blog\/index.php?rest_route=\/wp\/v2\/pages"}],"about":[{"href":"https:\/\/www.casetasmodulares.es\/blog\/index.php?rest_route=\/wp\/v2\/types\/page"}],"author":[{"embeddable":true,"href":"https:\/\/www.casetasmodulares.es\/blog\/index.php?rest_route=\/wp\/v2\/users\/1"}],"replies":[{"embeddable":true,"href":"https:\/\/www.casetasmodulares.es\/blog\/index.php?rest_route=%2Fwp%2Fv2%2Fcomments&post=15"}],"version-history":[{"count":4,"href":"https:\/\/www.casetasmodulares.es\/blog\/index.php?rest_route=\/wp\/v2\/pages\/15\/revisions"}],"predecessor-version":[{"id":2945,"href":"https:\/\/www.casetasmodulares.es\/blog\/index.php?rest_route=\/wp\/v2\/pages\/15\/revisions\/2945"}],"wp:attachment":[{"href":"https:\/\/www.casetasmodulares.es\/blog\/index.php?rest_route=%2Fwp%2Fv2%2Fmedia&parent=15"}],"curies":[{"name":"wp","href":"https:\/\/api.w.org\/{rel}","templated":true}]}}