{"id":1070,"date":"2023-02-25T13:10:00","date_gmt":"2023-02-25T12:10:00","guid":{"rendered":"https:\/\/www.casetasmodulares.es\/blog\/?post_type=product&#038;p=1070"},"modified":"2025-10-22T15:36:54","modified_gmt":"2025-10-22T13:36:54","slug":"cochesincarnetnuxco","status":"publish","type":"product","link":"https:\/\/www.casetasmodulares.es\/blog\/?product=cochesincarnetnuxco","title":{"rendered":"COCHE SIN CARNET EL\u00c9CTRICO NUXCO N4"},"content":{"rendered":"<h1>COCHE SIN CARNET EL\u00c9CTRICO NUXCO N4<\/h1>\n<p>&nbsp;<\/p>\n<p><iframe title=\"Coche sin carnet NUXCO\" src=\"https:\/\/www.youtube.com\/embed\/nTxCosAo-Ug\" width=\"482\" height=\"857\" frameborder=\"0\" allowfullscreen=\"allowfullscreen\"><\/iframe><\/p>\n<p>&nbsp;<\/p>\n<div class=\"et_pb_row et_pb_row_10 et_pb_equal_columns\">\n<div class=\"et_pb_column et_pb_column_1_2 et_pb_column_9 et_pb_css_mix_blend_mode_passthrough\">\n<div class=\"et_pb_module et_pb_text et_pb_text_7 et_pb_text_align_left et_pb_bg_layout_light\">\n<div class=\"et_pb_text_inner\">\n<h4>Exterior<\/h4>\n<ul>\n<li>Faros hal\u00f3genos led<\/li>\n<li>Luces hal\u00f3genas combinadas traseras<\/li>\n<li>Luz de conducci\u00f3n diurna LED<\/li>\n<li>Luz antiniebla trasera<\/li>\n<li>Luz de giro Hal\u00f3gena Luz de freno alta<\/li>\n<li>Elevalunas el\u00e9ctrico delantero y trasero<\/li>\n<li>Ajuste manual de los retrovisores exteriores<\/li>\n<\/ul>\n<\/div>\n<\/div>\n<\/div>\n<div class=\"et_pb_column et_pb_column_1_2 et_pb_column_10 et_pb_css_mix_blend_mode_passthrough et-last-child\">\n<div class=\"et_pb_module et_pb_text et_pb_text_8 et_pb_text_align_left et_pb_bg_layout_light\">\n<div class=\"et_pb_text_inner\">\n<h4><\/h4>\n<h4>Interior<\/h4>\n<p>&nbsp;<\/p>\n<ul>\n<li>Mecanismo de cambio electr\u00f3nico tipo perilla<\/li>\n<li>Pantalla led Android<\/li>\n<li>Instrumento combinado LCD en color<\/li>\n<li>Luz de lectura<\/li>\n<li>Parasol de conducci\u00f3n principal<\/li>\n<li>Material del asiento Tela<\/li>\n<li>Asiento principal\/copiloto ajustable<\/li>\n<li>Manual en cuatro direcciones<\/li>\n<li>Aire acondicionado el\u00e9ctrico<\/li>\n<li>Espejo retrovisor interno con interfaz de grabadora de conducci\u00f3n<\/li>\n<li>Interfaz de alimentaci\u00f3n de 12 V en la cabina<\/li>\n<\/ul>\n<\/div>\n<\/div>\n<\/div>\n<\/div>\n<div class=\"et_pb_row et_pb_row_11 et_pb_gutters1\">\n<div class=\"et_pb_column et_pb_column_4_4 et_pb_column_11 et_pb_css_mix_blend_mode_passthrough et-last-child\">\n<div class=\"et_pb_module et_pb_image et_pb_image_2\"><\/div>\n<\/div>\n<\/div>\n<div class=\"et_pb_row et_pb_row_12 et_pb_equal_columns\">\n<div class=\"et_pb_column et_pb_column_1_2 et_pb_column_12 et_pb_css_mix_blend_mode_passthrough\">\n<div class=\"et_pb_module et_pb_text et_pb_text_9 et_pb_text_align_left et_pb_bg_layout_light\">\n<div class=\"et_pb_text_inner\">\n<h4><\/h4>\n<h4>Seguridad<\/h4>\n<ul>\n<li>Desbloqueo autom\u00e1tico en caso de colisi\u00f3n<\/li>\n<li>Bloqueo autom\u00e1tico al conducir<\/li>\n<li>Sistema de alerta de peatones de baja velocidad<\/li>\n<li>Advertencia de presi\u00f3n de neum\u00e1ticos<\/li>\n<li>C\u00e1mara de aparcamiento trasera<\/li>\n<li>Imagen inversa<\/li>\n<\/ul>\n<\/div>\n<\/div>\n<\/div>\n<div class=\"et_pb_column et_pb_column_1_2 et_pb_column_13 et_pb_css_mix_blend_mode_passthrough et-last-child\">\n<div class=\"et_pb_module et_pb_text et_pb_text_10 et_pb_text_align_left et_pb_bg_layout_light\">\n<div class=\"et_pb_text_inner\">\n<h4><\/h4>\n<h4>Control\/Asistencia<\/h4>\n<ul>\n<li>Cierre centralizado + llave con mando a distancia<\/li>\n<li>EPS<\/li>\n<li>Modo econ\u00f3mico\/deportivo<\/li>\n<\/ul>\n<p>&nbsp;<\/p>\n<h4>Entretenimiento<\/h4>\n<ul>\n<li>Interfaz USB<\/li>\n<li>Sistema Android<\/li>\n<li>Radio (con funci\u00f3n Bluetooth)<\/li>\n<\/ul>\n<\/div>\n<\/div>\n<\/div>\n<\/div>\n<div class=\"et_pb_row et_pb_row_13 et_pb_equal_columns\">\n<div class=\"et_pb_column et_pb_column_1_2 et_pb_column_14 et_pb_css_mix_blend_mode_passthrough\">\n<div class=\"et_pb_module et_pb_text et_pb_text_11 et_pb_text_align_left et_pb_bg_layout_light\">\n<div class=\"et_pb_text_inner\">\n<h4><\/h4>\n<h4>Accesorios<\/h4>\n<ul>\n<li>Pistola de carga port\u00e1til<\/li>\n<li>Se\u00f1al de advertencia triangular<\/li>\n<li>Gancho de remolque<\/li>\n<\/ul>\n<\/div>\n<\/div>\n<\/div>\n<div class=\"et_pb_column et_pb_column_1_2 et_pb_column_15 et_pb_css_mix_blend_mode_passthrough et-last-child\">\n<div class=\"et_pb_module et_pb_text et_pb_text_12 et_pb_text_align_left et_pb_bg_layout_light\">\n<div class=\"et_pb_text_inner\">\n<h4><\/h4>\n<h4>Observaciones<\/h4>\n<ul>\n<li>Neum\u00e1tico 145\/70 R12<\/li>\n<li>Modo de conducci\u00f3n ECO\/Deportiva<\/li>\n<li>Llave de control remoto<\/li>\n<li>Cierre centralizado<\/li>\n<li>Apertura autom\u00e1tica de maletero<\/li>\n<\/ul>\n<\/div>\n<\/div>\n<\/div>\n<\/div>\n<div class=\"et_pb_row et_pb_row_14 et_pb_gutters1\">\n<div class=\"et_pb_column et_pb_column_4_4 et_pb_column_16 et_pb_css_mix_blend_mode_passthrough et-last-child\">\n<div class=\"et_pb_module et_pb_image et_pb_image_3\"><\/div>\n<\/div>\n<\/div>\n<div class=\"et_pb_row et_pb_row_15\">\n<div class=\"et_pb_column et_pb_column_4_4 et_pb_column_17 et_pb_css_mix_blend_mode_passthrough et-last-child\">\n<div class=\"et_pb_module et_pb_text et_pb_text_13 et_pb_text_align_left et_pb_bg_layout_light\">\n<div class=\"et_pb_text_inner\">\n<h2>Caracter\u00edsticas t\u00e9cnicas<\/h2>\n<p>&nbsp;<\/p>\n<table class=\"customtable\">\n<tbody>\n<tr>\n<td>Tiempo de carga completa<\/td>\n<td>\u00a04h<\/td>\n<\/tr>\n<tr>\n<td>Tipo de motor<\/td>\n<td>Im\u00e1n permanente s\u00edncrono<\/td>\n<\/tr>\n<tr>\n<td>M\u00e1x. Velocidad<\/td>\n<td>45 km\/h<\/td>\n<\/tr>\n<tr>\n<td>Autonom\u00eda en ciudad<\/td>\n<td>70 km<\/td>\n<\/tr>\n<tr>\n<td>Potencia<\/td>\n<td>3000w<\/td>\n<\/tr>\n<tr>\n<td>Potencia equivalente en CV<\/td>\n<td>20CV \/ 26,67CV<\/td>\n<\/tr>\n<tr>\n<td>Tipo de Bater\u00eda<\/td>\n<td>Lithium-Ion\/Iones de litio<\/td>\n<\/tr>\n<tr>\n<td>Capacidad de la bater\u00eda<\/td>\n<td>100Ah<\/td>\n<\/tr>\n<tr>\n<td>Voltaje de la bater\u00eda<\/td>\n<td>72v<\/td>\n<\/tr>\n<tr>\n<td>Voltaje de carga<\/td>\n<td>AC220v<\/td>\n<\/tr>\n<tr>\n<td>Modo de accionamiento del motor<\/td>\n<td>Tracci\u00f3n trasera<\/td>\n<\/tr>\n<tr>\n<td>Estructura del cuerpo<\/td>\n<td>Carrocer\u00eda<\/td>\n<\/tr>\n<tr>\n<td>Tipo de suspensi\u00f3n delantera<\/td>\n<td>Suspensi\u00f3n independiente<\/td>\n<\/tr>\n<tr>\n<td>Tipo de suspensi\u00f3n trasera<\/td>\n<td>Suspensi\u00f3n trasera no independiente de tres brazos<\/td>\n<\/tr>\n<tr>\n<td>Tipo de freno delantero\/trasero<\/td>\n<td>Disco\/tambor<\/td>\n<\/tr>\n<tr>\n<td>Tipo de transmisi\u00f3n<\/td>\n<td>Caja de cambios de relaci\u00f3n de transmisi\u00f3n fija<\/td>\n<\/tr>\n<tr>\n<td>Tama\u00f1o del veh\u00edculo<\/td>\n<td>2980mmx1496mmx1637mm<\/td>\n<\/tr>\n<tr>\n<td>Distancia entre ruedas delanteras\/traseras<\/td>\n<td>1290mm \/1291mm<\/td>\n<\/tr>\n<tr>\n<td>Distancia entre ejes<\/td>\n<td>1960mm<\/td>\n<\/tr>\n<tr>\n<td>Peso en vac\u00edo<\/td>\n<td>724kg<\/td>\n<\/tr>\n<tr>\n<td>Peso bruto<\/td>\n<td>824kg<\/td>\n<\/tr>\n<tr>\n<td>Carga \u00fatil<\/td>\n<td>275kg<\/td>\n<\/tr>\n<tr>\n<td>Volumen<\/td>\n<td>690litros<\/td>\n<\/tr>\n<tr>\n<td>Distancia m\u00ednima al suelo<\/td>\n<td>120mm<\/td>\n<\/tr>\n<tr>\n<td>Radio de giro m\u00ednimo<\/td>\n<td>4<\/td>\n<\/tr>\n<tr>\n<td>Asientos<\/td>\n<td>4<\/td>\n<\/tr>\n<\/tbody>\n<\/table>\n<\/div>\n<\/div>\n<\/div>\n<\/div>\n<p>&nbsp;<\/p>\n","protected":false},"excerpt":{"rendered":"<p>COCHE SIN CARNET EL\u00c9CTRICO NUXCO N4 &nbsp; &nbsp; Exterior Faros hal\u00f3genos led Luces hal\u00f3genas combinadas traseras Luz de conducci\u00f3n diurna LED Luz antiniebla trasera Luz de giro Hal\u00f3gena Luz de freno alta Elevalunas el\u00e9ctrico delantero y trasero Ajuste manual de los retrovisores exteriores Interior &nbsp; Mecanismo de cambio electr\u00f3nico tipo perilla Pantalla led Android Instrumento [&hellip;]<\/p>\n","protected":false},"featured_media":2851,"comment_status":"closed","ping_status":"closed","template":"","meta":{"ocean_post_layout":"","ocean_both_sidebars_style":"","ocean_both_sidebars_content_width":0,"ocean_both_sidebars_sidebars_width":0,"ocean_sidebar":"0","ocean_second_sidebar":"0","ocean_disable_margins":"enable","ocean_add_body_class":"","ocean_shortcode_before_top_bar":"","ocean_shortcode_after_top_bar":"","ocean_shortcode_before_header":"","ocean_shortcode_after_header":"","ocean_has_shortcode":"","ocean_shortcode_after_title":"","ocean_shortcode_before_footer_widgets":"","ocean_shortcode_after_footer_widgets":"","ocean_shortcode_before_footer_bottom":"","ocean_shortcode_after_footer_bottom":"","ocean_display_top_bar":"default","ocean_display_header":"default","ocean_header_style":"","ocean_center_header_left_menu":"0","ocean_custom_header_template":"0","ocean_custom_logo":0,"ocean_custom_retina_logo":0,"ocean_custom_logo_max_width":0,"ocean_custom_logo_tablet_max_width":0,"ocean_custom_logo_mobile_max_width":0,"ocean_custom_logo_max_height":0,"ocean_custom_logo_tablet_max_height":0,"ocean_custom_logo_mobile_max_height":0,"ocean_header_custom_menu":"0","ocean_menu_typo_font_family":"0","ocean_menu_typo_font_subset":"","ocean_menu_typo_font_size":0,"ocean_menu_typo_font_size_tablet":0,"ocean_menu_typo_font_size_mobile":0,"ocean_menu_typo_font_size_unit":"px","ocean_menu_typo_font_weight":"","ocean_menu_typo_font_weight_tablet":"","ocean_menu_typo_font_weight_mobile":"","ocean_menu_typo_transform":"","ocean_menu_typo_transform_tablet":"","ocean_menu_typo_transform_mobile":"","ocean_menu_typo_line_height":0,"ocean_menu_typo_line_height_tablet":0,"ocean_menu_typo_line_height_mobile":0,"ocean_menu_typo_line_height_unit":"","ocean_menu_typo_spacing":0,"ocean_menu_typo_spacing_tablet":0,"ocean_menu_typo_spacing_mobile":0,"ocean_menu_typo_spacing_unit":"","ocean_menu_link_color":"","ocean_menu_link_color_hover":"","ocean_menu_link_color_active":"","ocean_menu_link_background":"","ocean_menu_link_hover_background":"","ocean_menu_link_active_background":"","ocean_menu_social_links_bg":"","ocean_menu_social_hover_links_bg":"","ocean_menu_social_links_color":"","ocean_menu_social_hover_links_color":"","ocean_disable_title":"default","ocean_disable_heading":"default","ocean_post_title":"","ocean_post_subheading":"","ocean_post_title_style":"","ocean_post_title_background_color":"","ocean_post_title_background":0,"ocean_post_title_bg_image_position":"","ocean_post_title_bg_image_attachment":"","ocean_post_title_bg_image_repeat":"","ocean_post_title_bg_image_size":"","ocean_post_title_height":0,"ocean_post_title_bg_overlay":0.5,"ocean_post_title_bg_overlay_color":"","ocean_disable_breadcrumbs":"default","ocean_breadcrumbs_color":"","ocean_breadcrumbs_separator_color":"","ocean_breadcrumbs_links_color":"","ocean_breadcrumbs_links_hover_color":"","ocean_display_footer_widgets":"default","ocean_display_footer_bottom":"default","ocean_custom_footer_template":"0"},"product_brand":[],"product_cat":[35],"product_tag":[],"class_list":{"0":"post-1070","1":"product","2":"type-product","3":"status-publish","4":"has-post-thumbnail","6":"product_cat-coches-electricos","8":"entry","9":"has-media","11":"first","12":"instock","13":"taxable","14":"shipping-taxable","15":"purchasable","16":"product-type-simple","17":"has-product-nav","18":"col","19":"span_1_of_3","20":"owp-content-center","21":"owp-thumbs-layout-horizontal","22":"owp-btn-normal","23":"owp-tabs-layout-horizontal"},"yoast_head":"<!-- This site is optimized with the Yoast SEO plugin v26.8 - https:\/\/yoast.com\/product\/yoast-seo-wordpress\/ -->\n<title>COCHE SIN CARNET EL\u00c9CTRICO NUXCO N4 - CASETAS MODULARES PLEGABLES<\/title>\n<meta name=\"description\" content=\"COCHE SIN CARNET EL\u00c9CTRICO NUXCO N4 HASTA 80KM DE AUTONOM\u00cdA Y 45 KM\/H\" \/>\n<meta name=\"robots\" content=\"index, follow, max-snippet:-1, max-image-preview:large, max-video-preview:-1\" \/>\n<link rel=\"canonical\" href=\"https:\/\/www.casetasmodulares.es\/blog\/?product=cochesincarnetnuxco\" \/>\n<meta property=\"og:locale\" content=\"es_ES\" \/>\n<meta property=\"og:type\" content=\"article\" \/>\n<meta property=\"og:title\" content=\"COCHE SIN CARNET EL\u00c9CTRICO NUXCO N4 - CASETAS MODULARES PLEGABLES\" \/>\n<meta property=\"og:description\" content=\"COCHE SIN CARNET EL\u00c9CTRICO NUXCO N4 HASTA 80KM DE AUTONOM\u00cdA Y 45 KM\/H\" \/>\n<meta property=\"og:url\" content=\"https:\/\/www.casetasmodulares.es\/blog\/?product=cochesincarnetnuxco\" \/>\n<meta property=\"og:site_name\" content=\"CASETAS MODULARES PLEGABLES\" \/>\n<meta property=\"article:modified_time\" content=\"2025-10-22T13:36:54+00:00\" \/>\n<meta property=\"og:image\" content=\"https:\/\/www.casetasmodulares.es\/blog\/wp-content\/uploads\/2023\/02\/IMG_1751-scaled.jpg\" \/>\n\t<meta property=\"og:image:width\" content=\"1920\" \/>\n\t<meta property=\"og:image:height\" content=\"2560\" \/>\n\t<meta property=\"og:image:type\" content=\"image\/jpeg\" \/>\n<meta name=\"twitter:card\" content=\"summary_large_image\" \/>\n<meta name=\"twitter:label1\" content=\"Tiempo de lectura\" \/>\n\t<meta name=\"twitter:data1\" content=\"2 minutos\" \/>\n<script type=\"application\/ld+json\" class=\"yoast-schema-graph\">{\"@context\":\"https:\/\/schema.org\",\"@graph\":[{\"@type\":\"WebPage\",\"@id\":\"https:\/\/www.casetasmodulares.es\/blog\/?product=cochesincarnetnuxco\",\"url\":\"https:\/\/www.casetasmodulares.es\/blog\/?product=cochesincarnetnuxco\",\"name\":\"COCHE SIN CARNET EL\u00c9CTRICO NUXCO N4 - CASETAS MODULARES PLEGABLES\",\"isPartOf\":{\"@id\":\"https:\/\/www.casetasmodulares.es\/blog\/#website\"},\"primaryImageOfPage\":{\"@id\":\"https:\/\/www.casetasmodulares.es\/blog\/?product=cochesincarnetnuxco#primaryimage\"},\"image\":{\"@id\":\"https:\/\/www.casetasmodulares.es\/blog\/?product=cochesincarnetnuxco#primaryimage\"},\"thumbnailUrl\":\"https:\/\/www.casetasmodulares.es\/blog\/wp-content\/uploads\/2023\/02\/IMG_1751-scaled.jpg\",\"datePublished\":\"2023-02-25T12:10:00+00:00\",\"dateModified\":\"2025-10-22T13:36:54+00:00\",\"description\":\"COCHE SIN CARNET EL\u00c9CTRICO NUXCO N4 HASTA 80KM DE AUTONOM\u00cdA Y 45 KM\/H\",\"breadcrumb\":{\"@id\":\"https:\/\/www.casetasmodulares.es\/blog\/?product=cochesincarnetnuxco#breadcrumb\"},\"inLanguage\":\"es\",\"potentialAction\":[{\"@type\":\"ReadAction\",\"target\":[\"https:\/\/www.casetasmodulares.es\/blog\/?product=cochesincarnetnuxco\"]}]},{\"@type\":\"ImageObject\",\"inLanguage\":\"es\",\"@id\":\"https:\/\/www.casetasmodulares.es\/blog\/?product=cochesincarnetnuxco#primaryimage\",\"url\":\"https:\/\/www.casetasmodulares.es\/blog\/wp-content\/uploads\/2023\/02\/IMG_1751-scaled.jpg\",\"contentUrl\":\"https:\/\/www.casetasmodulares.es\/blog\/wp-content\/uploads\/2023\/02\/IMG_1751-scaled.jpg\",\"width\":1920,\"height\":2560},{\"@type\":\"BreadcrumbList\",\"@id\":\"https:\/\/www.casetasmodulares.es\/blog\/?product=cochesincarnetnuxco#breadcrumb\",\"itemListElement\":[{\"@type\":\"ListItem\",\"position\":1,\"name\":\"Portada\",\"item\":\"https:\/\/www.casetasmodulares.es\/blog\/\"},{\"@type\":\"ListItem\",\"position\":2,\"name\":\"Tienda\",\"item\":\"https:\/\/www.casetasmodulares.es\/blog\/?page_id=7\"},{\"@type\":\"ListItem\",\"position\":3,\"name\":\"COCHE SIN CARNET EL\u00c9CTRICO NUXCO N4\"}]},{\"@type\":\"WebSite\",\"@id\":\"https:\/\/www.casetasmodulares.es\/blog\/#website\",\"url\":\"https:\/\/www.casetasmodulares.es\/blog\/\",\"name\":\"CASETAS MODULARES PLEGABLES\",\"description\":\"CASETAS DE OBRA PLEGABLES\",\"publisher\":{\"@id\":\"https:\/\/www.casetasmodulares.es\/blog\/#organization\"},\"potentialAction\":[{\"@type\":\"SearchAction\",\"target\":{\"@type\":\"EntryPoint\",\"urlTemplate\":\"https:\/\/www.casetasmodulares.es\/blog\/?s={search_term_string}\"},\"query-input\":{\"@type\":\"PropertyValueSpecification\",\"valueRequired\":true,\"valueName\":\"search_term_string\"}}],\"inLanguage\":\"es\"},{\"@type\":\"Organization\",\"@id\":\"https:\/\/www.casetasmodulares.es\/blog\/#organization\",\"name\":\"CASETAS MODULARES PLEGABLES\",\"url\":\"https:\/\/www.casetasmodulares.es\/blog\/\",\"logo\":{\"@type\":\"ImageObject\",\"inLanguage\":\"es\",\"@id\":\"https:\/\/www.casetasmodulares.es\/blog\/#\/schema\/logo\/image\/\",\"url\":\"https:\/\/www.casetasmodulares.es\/blog\/wp-content\/uploads\/2022\/06\/cropped-1169557a-81a1-41c5-ab9f-3d0ce0dba575.jpg\",\"contentUrl\":\"https:\/\/www.casetasmodulares.es\/blog\/wp-content\/uploads\/2022\/06\/cropped-1169557a-81a1-41c5-ab9f-3d0ce0dba575.jpg\",\"width\":512,\"height\":512,\"caption\":\"CASETAS MODULARES PLEGABLES\"},\"image\":{\"@id\":\"https:\/\/www.casetasmodulares.es\/blog\/#\/schema\/logo\/image\/\"}}]}<\/script>\n<!-- \/ Yoast SEO plugin. -->","yoast_head_json":{"title":"COCHE SIN CARNET EL\u00c9CTRICO NUXCO N4 - CASETAS MODULARES PLEGABLES","description":"COCHE SIN CARNET EL\u00c9CTRICO NUXCO N4 HASTA 80KM DE AUTONOM\u00cdA Y 45 KM\/H","robots":{"index":"index","follow":"follow","max-snippet":"max-snippet:-1","max-image-preview":"max-image-preview:large","max-video-preview":"max-video-preview:-1"},"canonical":"https:\/\/www.casetasmodulares.es\/blog\/?product=cochesincarnetnuxco","og_locale":"es_ES","og_type":"article","og_title":"COCHE SIN CARNET EL\u00c9CTRICO NUXCO N4 - CASETAS MODULARES PLEGABLES","og_description":"COCHE SIN CARNET EL\u00c9CTRICO NUXCO N4 HASTA 80KM DE AUTONOM\u00cdA Y 45 KM\/H","og_url":"https:\/\/www.casetasmodulares.es\/blog\/?product=cochesincarnetnuxco","og_site_name":"CASETAS MODULARES PLEGABLES","article_modified_time":"2025-10-22T13:36:54+00:00","og_image":[{"width":1920,"height":2560,"url":"https:\/\/www.casetasmodulares.es\/blog\/wp-content\/uploads\/2023\/02\/IMG_1751-scaled.jpg","type":"image\/jpeg"}],"twitter_card":"summary_large_image","twitter_misc":{"Tiempo de lectura":"2 minutos"},"schema":{"@context":"https:\/\/schema.org","@graph":[{"@type":"WebPage","@id":"https:\/\/www.casetasmodulares.es\/blog\/?product=cochesincarnetnuxco","url":"https:\/\/www.casetasmodulares.es\/blog\/?product=cochesincarnetnuxco","name":"COCHE SIN CARNET EL\u00c9CTRICO NUXCO N4 - CASETAS MODULARES PLEGABLES","isPartOf":{"@id":"https:\/\/www.casetasmodulares.es\/blog\/#website"},"primaryImageOfPage":{"@id":"https:\/\/www.casetasmodulares.es\/blog\/?product=cochesincarnetnuxco#primaryimage"},"image":{"@id":"https:\/\/www.casetasmodulares.es\/blog\/?product=cochesincarnetnuxco#primaryimage"},"thumbnailUrl":"https:\/\/www.casetasmodulares.es\/blog\/wp-content\/uploads\/2023\/02\/IMG_1751-scaled.jpg","datePublished":"2023-02-25T12:10:00+00:00","dateModified":"2025-10-22T13:36:54+00:00","description":"COCHE SIN CARNET EL\u00c9CTRICO NUXCO N4 HASTA 80KM DE AUTONOM\u00cdA Y 45 KM\/H","breadcrumb":{"@id":"https:\/\/www.casetasmodulares.es\/blog\/?product=cochesincarnetnuxco#breadcrumb"},"inLanguage":"es","potentialAction":[{"@type":"ReadAction","target":["https:\/\/www.casetasmodulares.es\/blog\/?product=cochesincarnetnuxco"]}]},{"@type":"ImageObject","inLanguage":"es","@id":"https:\/\/www.casetasmodulares.es\/blog\/?product=cochesincarnetnuxco#primaryimage","url":"https:\/\/www.casetasmodulares.es\/blog\/wp-content\/uploads\/2023\/02\/IMG_1751-scaled.jpg","contentUrl":"https:\/\/www.casetasmodulares.es\/blog\/wp-content\/uploads\/2023\/02\/IMG_1751-scaled.jpg","width":1920,"height":2560},{"@type":"BreadcrumbList","@id":"https:\/\/www.casetasmodulares.es\/blog\/?product=cochesincarnetnuxco#breadcrumb","itemListElement":[{"@type":"ListItem","position":1,"name":"Portada","item":"https:\/\/www.casetasmodulares.es\/blog\/"},{"@type":"ListItem","position":2,"name":"Tienda","item":"https:\/\/www.casetasmodulares.es\/blog\/?page_id=7"},{"@type":"ListItem","position":3,"name":"COCHE SIN CARNET EL\u00c9CTRICO NUXCO N4"}]},{"@type":"WebSite","@id":"https:\/\/www.casetasmodulares.es\/blog\/#website","url":"https:\/\/www.casetasmodulares.es\/blog\/","name":"CASETAS MODULARES PLEGABLES","description":"CASETAS DE OBRA PLEGABLES","publisher":{"@id":"https:\/\/www.casetasmodulares.es\/blog\/#organization"},"potentialAction":[{"@type":"SearchAction","target":{"@type":"EntryPoint","urlTemplate":"https:\/\/www.casetasmodulares.es\/blog\/?s={search_term_string}"},"query-input":{"@type":"PropertyValueSpecification","valueRequired":true,"valueName":"search_term_string"}}],"inLanguage":"es"},{"@type":"Organization","@id":"https:\/\/www.casetasmodulares.es\/blog\/#organization","name":"CASETAS MODULARES PLEGABLES","url":"https:\/\/www.casetasmodulares.es\/blog\/","logo":{"@type":"ImageObject","inLanguage":"es","@id":"https:\/\/www.casetasmodulares.es\/blog\/#\/schema\/logo\/image\/","url":"https:\/\/www.casetasmodulares.es\/blog\/wp-content\/uploads\/2022\/06\/cropped-1169557a-81a1-41c5-ab9f-3d0ce0dba575.jpg","contentUrl":"https:\/\/www.casetasmodulares.es\/blog\/wp-content\/uploads\/2022\/06\/cropped-1169557a-81a1-41c5-ab9f-3d0ce0dba575.jpg","width":512,"height":512,"caption":"CASETAS MODULARES PLEGABLES"},"image":{"@id":"https:\/\/www.casetasmodulares.es\/blog\/#\/schema\/logo\/image\/"}}]}},"_links":{"self":[{"href":"https:\/\/www.casetasmodulares.es\/blog\/index.php?rest_route=\/wp\/v2\/product\/1070","targetHints":{"allow":["GET"]}}],"collection":[{"href":"https:\/\/www.casetasmodulares.es\/blog\/index.php?rest_route=\/wp\/v2\/product"}],"about":[{"href":"https:\/\/www.casetasmodulares.es\/blog\/index.php?rest_route=\/wp\/v2\/types\/product"}],"replies":[{"embeddable":true,"href":"https:\/\/www.casetasmodulares.es\/blog\/index.php?rest_route=%2Fwp%2Fv2%2Fcomments&post=1070"}],"version-history":[{"count":45,"href":"https:\/\/www.casetasmodulares.es\/blog\/index.php?rest_route=\/wp\/v2\/product\/1070\/revisions"}],"predecessor-version":[{"id":2868,"href":"https:\/\/www.casetasmodulares.es\/blog\/index.php?rest_route=\/wp\/v2\/product\/1070\/revisions\/2868"}],"wp:featuredmedia":[{"embeddable":true,"href":"https:\/\/www.casetasmodulares.es\/blog\/index.php?rest_route=\/wp\/v2\/media\/2851"}],"wp:attachment":[{"href":"https:\/\/www.casetasmodulares.es\/blog\/index.php?rest_route=%2Fwp%2Fv2%2Fmedia&parent=1070"}],"wp:term":[{"taxonomy":"product_brand","embeddable":true,"href":"https:\/\/www.casetasmodulares.es\/blog\/index.php?rest_route=%2Fwp%2Fv2%2Fproduct_brand&post=1070"},{"taxonomy":"product_cat","embeddable":true,"href":"https:\/\/www.casetasmodulares.es\/blog\/index.php?rest_route=%2Fwp%2Fv2%2Fproduct_cat&post=1070"},{"taxonomy":"product_tag","embeddable":true,"href":"https:\/\/www.casetasmodulares.es\/blog\/index.php?rest_route=%2Fwp%2Fv2%2Fproduct_tag&post=1070"}],"curies":[{"name":"wp","href":"https:\/\/api.w.org\/{rel}","templated":true}]}}